, what is -1302 - 11613?
-13215
In base 3, what is 2212220 - 1212?
2211001
In base 3, what is 111021110200 + 12?
111021110212
In base 16, what is 114 + 10?
124
In base 9, what is -24662 + -1?
-24663
In base 15, what is -2b4a - -3?
-2b47
In base 4, what is -2103133 + -110?
-2103303
In base 6, what is 1353 + -244?
1105
In base 5, what is -2 - -21133140?
21133133
In base 12, what is -669b + 4?
-6697
In base 15, what is -157b - 5?
-1581
In base 14, what is 34bc16 + -5?
34bc11
In base 6, what is 2 - 30503042?
-30503040
In base 8, what is -1 - -3363002?
3363001
In base 12, what is 4bab - -12a?
5119
In base 9, what is 1 + -4823?
-4822
In base 14, what is -465 - -2a3?
-1a2
In base 5, what is 400122214 + -1?
400122213
In base 15, what is -18 - e072?
-e08a
In base 12, what is 15 + -1843?
-182a
In base 16, what is -5 - -183f?
183a
In base 16, what is 91bd - -10?
91cd
In base 5, what is 10002321 + -13?
10002303
In base 12, what is 8 + -7a5?
-799
In base 2, what is -11100111111 + 10100?
-11100101011
In base 8, what is -10036 - -5?
-10031
In base 15, what is -5 - -3c83a?
3c835
In base 6, what is -4120 + 115133?
111013
In base 15, what is -1a - 211e?
-2139
In base 7, what is -13116 - -5?
-13111
In base 10, what is 5 + -45320?
-45315
In base 6, what is 3 - -112551?
112554
In base 6, what is -43451 + 11?
-43440
In base 8, what is -11250 - -4?
-11244
In base 16, what is -636 - -1e?
-618
In base 8, what is 60 - 25?
33
In base 5, what is 322333 - -2422?
330310
In base 14, what is 0 + -a03b?
-a03b
In base 9, what is 1 + -12368?
-12367
In base 10, what is 284279 - -4?
284283
In base 9, what is -1850 + 8?
-1841
In base 2, what is -100 + 1100100010011000?
1100100010010100
In base 5, what is 2101 - -120?
2221
In base 13, what is 18987b - 2?
189879
In base 2, what is 10000011111 - -11010110?
10011110101
In base 16, what is 7550 - -26?
7576
In base 5, what is -113202000 + 2?
-113201443
In base 8, what is 57 + -2037?
-1760
In base 5, what is -23312 - -13033?
-10224
In base 14, what is -230 + -2a7?
-4d7
In base 15, what is 1911 - bb?
1845
In base 8, what is 333204 + -13?
333171
In base 6, what is -5 - -103025?
103020
In base 16, what is 4 + 4282?
4286
In base 12, what is -2b + 82?
53
In base 13, what is 4a563b - 5?
4a5636
In base 14, what is -c3d - -3b?
-c02
In base 15, what is 1e5 - -6d5?
8ca
In base 7, what is 0 - 310054?
-310054
In base 7, what is 5 - -221332?
221340
In base 5, what is 24332230 - -10?
24332240
In base 14, what is -124 - -673a?
6616
In base 8, what is -351 + 30111?
27540
In base 16, what is 49 + -42f7?
-42ae
In base 9, what is 4 - 28757?
-28753
In base 13, what is -7427 + -5?
-742c
In base 4, what is -3332 + 1123233?
1113301
In base 10, what is -22115 - -55?
-22060
In base 8, what is -13 + 26317?
26304
In base 4, what is -1130320012 - 0?
-1130320012
In base 6, what is -40250 - 22?
-40312
In base 4, what is 11 + 123023233?
123023310
In base 16, what is -4 - -2a501?
2a4fd
In base 16, what is d2b + 28?
d53
In base 11, what is 1747729 + 4?
1747732
In base 15, what is -2 + 692?
690
In base 11, what is 3641 + 6?
3647
In base 5, what is 12300133 + 122?
12300310
In base 8, what is -144722 - -5?
-144715
In base 16, what is 0 - -e63?
e63
In base 13, what is -1838 + 3?
-1835
In base 7, what is 2045 + 31164?
33242
In base 5, what is -23014 + -210?
-23224
In base 10, what is -4977 + -9?
-4986
In base 5, what is -2 + -223432?
-223434
In base 9, what is 205 + 102?
307
In base 6, what is 4 + 115501?
115505
In base 12, what is 347 + a9?
434
In base 3, what is -1021 + -10110021?
-10111112
In base 10, what is 10623 + 80?
10703
In base 5, what is 20240 - 13111?
2124
In base 6, what is 10 - 22054?
-22044
In base 2, what is -101010001100100 + -1100?
-101010001110000
In base 6, what is 52 - 112512?
-112420
In base 3, what is -112212 + 12122?
-100020
In base 16, what is 344e - -16?
3464
In base 4, what is 22233210 - 3?
22233201
In base 8, what is -2 + 41226?
41224
In base 16, what is -217 - -12c?
-eb
In base 8, what is 24305 + -2?
24303
In base 9, what is 8626 + 23?
8650
In base 13, what is -442 - 35?
-477
In base 5, what is 413 - 204302?
-203334
In base 16, what is 15fd + -e?
15ef
In base 10, what is 16 + 66800?
66816
In base 2, what is 1011101010001101 - -10?
1011101010001111
In base 13, what is -ab12 - 102?
-ac14
In base 10, what is 24 - 2776?
-2752
In base 16, what is -27dd - a?
-27e7
In base 8, what is 335 - 455?
-120
In base 16, what is -e1af + -2a?
-e1d9
In base 13, what is -1 + -2698?
-2699
In base 16, what is 21476 + 5?
2147b
In base 14, what is 3a - -126c?
12a8
In base 8, what is 240 + -13332?
-13072
In base 14, what is 4b197 - -3?
4b19a
In base 5, what is 310 + -141313?
-141003
In base 15, what is 120d + c?
121a
In base 4, what is 21 + -130123?
-130102
In base 2, what is -11001 + -1110110101010?
-1110111000011
In base 7, what is -1553 + 23?
-1530
In base 12, what is -647871 - -3?
-64786a
In base 4, what is -3 + 2001101?
2001032
In base 16, what is 60 - -9?
69
In base 11, what is -6 + 6054?
6049
In base 5, what is 31312 - 31?
31231
In base 16, what is b8d9 + -2?
b8d7
In base 7, what is -4 - 24014?
-24021
In base 13, what is -138 - -58b?
453
In base 2, what is 111001101 + -11000101?
100001000
In base 4, what is 120 - -1221203?
1221323
In base 5, what is 2 + 11342013?
11342020
In base 3, what is -22002 + -20011?
-112020
In base 6, what is 30 + 553?
1023
In base 10, what is 861330 + -5?
861325
In base 16, what is -1d7 + 21?
-1b6
In base 9, what is 56787 + -43?
56744
In base 8, what is -426600 - 5?
-426605
In base 9, what is -66257 - 11?
-66268
In base 5, what is 3011 - 21310?
-13244
In base 12, what is -23a - 3692?
-3910
In base 10, what is 6 + 70296?
70302
In base 4, what is -33313 - 103?
-100022
In base 9, what is -306871 - -4?
-306866
In base 2, what is 10 - 10011111110010100?
-10011111110010010
In base 10, what is -1540 - -456?
-1084
In base 7, what is -3536 - -3266?
-240
In base 6, what is -412324 - 15?
-412343
In base 8, what is 4771466 + 1?
4771467
In base 3, what is -110010122212 + -11?
-110010200000
In base 11, what is 2 + -12329?
-12327
In base 9, what is -483 - 328?
-822
In base 15, what is -1106 + -12?
-1118
In base 9, what is 3 + -1658?
-1655
In base 8, what is 256321 - 0?
256321
In base 6, what is -11441255 + 10?
-11441245
In base 9, what is 0 + -158085?
-158085
In base 15, what is -30a9 + d5?
-2ec4
In base 12, what is -421a0a - -3?
-421a07
In base 9, what is -84 - -1223?
1128
In base 14, what is 6 + -206298?
-206292
In base 14, what is 501b5 + -1?
501b4
In base 2, what is 110011101100100010001 - 10?
110011101100100001111
In base 6, what is -225 - -114?
-111
In base 6, what is -110 - 1050?
-1200
In base 4, what is 1 - -1230023?
1230030
In base 9, what is 35803 + 1?
35804
In base 2, what is -100010111011 + 101000?
-100010010011
In base 6, what is -22205 + -15?
-22224
In base 4, what is 3030 + -12032203?
-12023113
In base 16, what is 5a7 + 3?
5aa
In base 15, what is 10788 + 2?
1078a
In base 4, what is -1 + 2332102312?
2332102311
In base 3, what is 12 - -1100110?
1100122
In base 2, what is 1010000001 - 11?
1001111110
In base 13, what is 38959 + -18?
38941
In base 11, what is -121987 - -2?
-121985
In base 2, what is -1110 - -11001100101110?
11001100100000
In base 9, what is 436886 + -5?
436881
In base 10, what is 0 + 559254?
559254
In base 4, what is -3331 - -1212?
-2113
In base 13, what is 26 + -16cc2?
-16c99
In base 2, what is -1110 - -11110000000000?
11101111110010
In base 14, what is -1cb5 - 2?
-1cb7
In base 16, what is -3 + 23628?
23625
In base 8, what is -51 - -10032?
7761
In base 15, what is 5 - 536?
-531
In base 13, what is 0 - -343468?
343468
In base 10, what is 53146 + -18?
53128
In base 10, what is -1 + -2712?
-2713
In base 7, what is -1655 + -5440?
-10425
In base 14, what is 427863 + -5?
42785c
In base 10, what is -10907 + 17?
-10890
In base 14, what is -42800 + -13?
-42813
In base 3, what is 2102021 + 112?
2102210
In base 10, what is -4966 - 25?
-4991
In base 7, what is 61550146 + -3?
61550143
In base 5, what is -4004034 + -12?
-4004101
In base 9, what is 40 + -7260?
-7220
In base 4, what is 100021033 - 1?
100021032
In base 7, what is 204600 + 313?
205213
In base 4, what is 2 + 3100122210?
3100122212
In base 9, what is 2 - 22332?
-22330
In ba